 4 + 8. Let p(n) = c*u(n) - 2*k(n). Determine p(2).
-7
Suppose 4*q - 6 = 22. Suppose q = -5*l - 8. Let y(v) = -v**2 - 3*v + 1. Give y(l).
1
Suppose 3*t + 0*t - 4*o = 19, 0 = -2*t + o + 6. Let u = t + -2. Let l(g) = -1 + 0 - 4*g + g. What is l(u)?
2
Let k(a) = a**3 + 5*a**2 + 3*a + 5. Let l(w) = w**3 - w**2 + w - 5. Let d(z) = z**3 + 7*z**2 + 7*z + 6. Let u be d(-6). Let i be l(u). Give k(i).
-10
Let k(p) = 4*p**3 - p**2. Let u = -1 - 0. Calculate k(u).
-5
Let t(z) = -2*z**2 + 4*z - 2. Let c(u) = u**2 - u. Let p(y) = 3*c(y) + t(y). Calculate p(-2).
0
Let u(r) = -r**2 - r + 6. Let k = 4 + 0. Suppose 0 = 8*p - 3*p - 20. Let c = p - k. What is u(c)?
6
Suppose 0 = -0*b - 3*b + 9. Let d be (2/6)/(b/(-27)). Let l(i) = i**2 + 2*i - 2. Calculate l(d).
1
Suppose 5*v - 6 = 2*v. Let p(l) = l - 2*l**2 + 3*l**v - 2 + 2 + 1. What is p(-3)?
7
Let c(w) = w**3 - 2*w**2 + 3*w. Let s(v) = v**2 - 12*v + 2. Let l be s(12). What is c(l)?
6
Let j(v) = v - 1. Let k be 17/(-3) + (-8)/(-12). Calculate j(k).
-6
Let c(s) = -16*s + 1 - 15*s**2 + 19*s + 19*s**2. Give c(-2).
11
Let t(u) = -7*u - 6. Let r(p) = 11*p + 9. Let n(a) = -5*r(a) - 8*t(a). Let x(b) = -b. Let f be x(4). Calculate n(f).
-1
Suppose 12 - 14 = j. Let u(r) = -3*r. Give u(j).
6
Let r = -4 + 8. Let m be 2/r*(2 - 2). Let c(z) be the third derivative of z**6/120 - z**4/24 + 4*z**3/3 - z**2. Calculate c(m).
8
Let t(c) be the second derivative of 5*c**4/12 + 7*c**3/6 + 11*c**2/2 + 2*c. Let i(m) = -2*m**2 - 3*m - 5. Let s(d) = -7*i(d) - 3*t(d). Give s(-3).
-7
Suppose -5*t = -t. Suppose 0 = 4*w + 16 - t. Let o(f) = -f**2 - 6*f - 4. Determine o(w).
4
Let w(k) = -k. Let y(d) = -d**3 + 6*d**2 + 7*d + 2. Let u be y(7). Suppose u*h = -3*h. Suppose h = -3*a + f - 15, -1 + 13 = -4*f. Give w(a).
6
Let p(u) = 16*u**3 + 36*u**2 - 26*u + 4. Let n(b) = 3*b**3 + 7*b**2 - 5*b + 1. Let g(z) = -11*n(z) + 2*p(z). Calculate g(-6).
15
Let n(r) = -2*r**2 - 11*r. Let m(x) = -x**2 - x + 1. Let c(z) = -3*m(z) + n(z). Calculate c(6).
-15
Let z(f) = -3*f - 4. Suppose 3*u + v + 12 = -0*v, 4*v + 9 = u. Calculate z(u).
5
Let g(k) = k**3 + 4*k**2 + 2. Let s(a) = -6*a - 5 + 8*a + 5. Let j be s(-2). Calculate g(j).
2
Let z be (2*(-4)/40)/(1/5). Let f(k) = -37*k - 1. Calculate f(z).
36
Let q(j) = j**3 - 6*j**2 - 2*j + 2. Let k be q(6). Let f = -6 - k. Let s(g) = g**2 - 2*g + 1. Determine s(f).
9
Let s(h) = -2*h - 6. Let r(t) = 2*t + 20. Let v be r(-12). Calculate s(v).
2
Let t(s) = -5*s**2 + 3*s**2 + 14 - 3*s**2 + 2*s**2 + 10*s. Let z(m) = m**2 - 3*m - 5. Let r(q) = -3*t(q) - 8*z(q). Give r(6).
-2
Let z = 41 + -23. Suppose -z = -7*u + 4*u. Let p be ((-4)/(-6))/(4/u). Let v(g) = g**2 - g + 1. Give v(p).
1
Let r(h) = -h**2 + 5*h - 2. Suppose y - 8 = -2*f + 3*y, 5*y + 4 = -3*f. Let o be -1 - (-5*1 + f). Suppose o*x + 2*x + 13 = -k, 3*x = 2*k - 18. What is r(k)?
4
Let k = -85 + 88. Let s(i) = -3*i**3 - 6*i**2 + 2*i + 3. Let c(b) = 2*b**3 + 5*b**2 - b - 2. Let n(g) = 4*c(g) + 3*s(g). What is n(k)?
-2
Let p = -37 - -40. Let a(d) be the second derivative of -d**4/12 + d**3/2 - d**2 + d. Calculate a(p).
-2
Let k(x) = x**2 - 3*x + 1. Let i(t) = 2*t**2 - 1. Let c be i(4). Suppose -5*z + c = 2*d, -4*z + 32 = 7*d - 3*d. Calculate k(z).
11
Let u(k) = -k - 3. Let v = 27 - 21. Calculate u(v).
-9
Let i(x) = -x**2 - 7*x - 6. Let r(t) = 2*t - 7. Let y be r(6). Suppose o = y*v + 18, 3*v = 5*v - o + 6. What is i(v)?
6
Let c(g) be the first derivative of g**3/3 + 5*g**2/2 - 6*g - 2. Calculate c(-5).
-6
Let b(s) be the first derivative of s**4/4 + 8*s**3/3 + 4*s**2 - 8*s - 2. Give b(-7).
-15
Let n(x) = -3*x. Let r(o) be the first derivative of -o**2/2 - o + 1. Let t(z) = -n(z) + 2*r(z). What is t(0)?
-2
Let i(u) = -3*u - 14. Let h(c) = -c - 5. Suppose 0 = 4*r - 2*v + 54, 37 + 8 = -5*r - 2*v. Let o(d) = r*h(d) + 4*i(d). What is o(2)?
-3
Let t(n) be the third derivative of -n**6/120 - n**5/15 + n**4/8 - n**3/3 + 33*n**2. What is t(-5)?
8
Let m(h) = -6*h**2 + 1. Let d = -8 - -15. Suppose 2*l - d*l + 10 = 0. Suppose r = 3*r + l. Give m(r).
-5
Let o(t) = t**2 + 0 - 6 - 6. Calculate o(0).
-12
Let z(k) = -k**3 + 5*k**2 - 2*k - 3. Let v(w) be the third derivative of 0 - 2*w**2 - 1/6*w**3 + 0*w + 1/24*w**4 + 1/15*w**5. Let u be v(1). Calculate z(u).
5
Let b(h) = -22*h + 11. Let v(d) = -14*d + 7. Let q(c) = -5*b(c) + 8*v(c). Suppose l = -3*j + 9, -2*l - 2*j = 3*j - 14. Determine q(l).
7
Let a(i) = i**2 - 7*i + 5. Let q be a(6). Let t(r) = -16*r**2 + r + 1. What is t(q)?
-16
Let y(o) = o + 4. Let j be 2*(-4)/12*3. Determine y(j).
2
Let q(s) = -1 + 3 - 4*s + 7*s. Let a(k) = -k + 6. Let m be a(8). Calculate q(m).
-4
Let h(i) = i**3 + 5*i**2 - 2. Suppose -48 = 8*t - 8. Give h(t).
-2
Let a(o) = -1 + 0 - o**2 + 4 - 4*o. Suppose 3*c - 6 = c. Let r be ((-6)/c + 1)*4. Give a(r).
3
Let h(z) = -2*z - 1. Let x(g) = g - 5. Let s be x(9). Calculate h(s).
-9
Let p be 3/(-3)*-1*1. Let i be (p/2)/((-3)/(-24)). Let c(w) = 2*w + 2. Let x(t) = 5*t + 3. Let g(j) = -7*c(j) + 3*x(j). Calculate g(i).
-1
Let c(y) be the third derivative of 1/8*y**4 + 0*y - 1/6*y**3 - y**2 + 0. Give c(2).
5
Let x(s) = 3 + 1 + 5*s**2 - 6*s**2 + 3 - 6*s. Calculate x(-7).
0
Suppose 5*h - 21 = -1. Let c(i) = 2 - 9*i + 8*i + 1. Calculate c(h).
-1
Let g be (-1)/(1/(-4))*(1 - 2). Let f(v) = -v**2 + 2*v + 6. Let k(t) = 3*t**2 - 3*t - 12. Let j(u) = -5*f(u) - 2*k(u). What is j(g)?
-6
Let c = -8 + 9. Let f(y) = 7 - 4 - c + y. Determine f(-5).
-3
Let i(m) = -4*m - 5. Let l be i(-3). Let q(h) = -h**3 + 6*h**2 + 9*h - 8. Give q(l).
6
Let j(s) = 8*s**2 + 2*s - 1. Let q(w) = -w**2 + w. Let z(h) = -j(h) + 2*q(h). Calculate z(1).
-9
Let g(f) = -5*f**2 + 5*f + 25. Let d(m) = -m**2 + m + 5. Let l(x) = 11*d(x) - 2*g(x). Suppose 2*p - 6 = -2*k, 2*p + 3*k = -k + 12. What is l(p)?
5
Let g = -3 - -2. Let x be -3 - 2*g/2. Let d(m) = -4*m + 1. Give d(x).
9
Let g = 5 - -2. Let y(o) = 2 - 3 + g + o**2 + 7*o. Let w be y(-6). Let p(x) = -x**3 - x**2 - 6. Calculate p(w).
-6
Let x(l) = 8*l**2 + l. Suppose 21 = 2*k + 1. Suppose -9 = a - k. Give x(a).
9
Let l(t) be the first derivative of -t**4/4 + 2*t**3 + 4*t**2 - 6*t + 11. Calculate l(7).
1
Let i(t) = t**2 + 8*t + 2. Suppose -4*k - 5*u = 17, -u - 4 = 2*k - 3. Let x(b) = 9*b + k*b**2 + 4 + 4*b + 4*b. Let a(q) = -5*i(q) + 2*x(q). Calculate a(-4).
6
Let f(i) = i**3 + 2*i**2 - 4. Let p = 65 - 68. Give f(p).
-13
Let g(z) = z**3. Suppose 0 = -2*k - 2*h - 16, 18 = -5*k + 2*k + 3*h. Let c = -7 - k. What is g(c)?
0
Let n(l) = l**3 - 16*l**2 - 2*l + 24. Let a be n(16). Let x(t) = -t - 10. Calculate x(a).
-2
Let r be -4 - (0 - (1 + 0)). Let v be (6/r - -3) + -3. Let k(u) = 3*u. Determine k(v).
-6
Let b(f) = -5*f. Let s be 9/2 - (-2)/4. Let d = s - 4. Give b(d).
-5
Suppose -17*o + 20*o = 3. Let t(k) = k**3 - k**2 + 1. Calculate t(o).
1
Let k(h) = -h + 1. Let x = -2 + 4. Let l be (-3 - -3)/(x - 1). Let q be l - 2 - (-1)/1. Give k(q).
2
Let f(n) = -2*n + 3. Let g(o) = 4*o**2 + 3*o - 4. Let b be g(1). Determine f(b).
-3
Suppose -24 = 4*i - 5*m, 0*m = -4*i + 2*m - 24. Let d(w) = -2*w**2 - 12*w + 7. Let l(n) = n**2 + 6*n - 3. Let f(s) = 2*d(s) + 5*l(s). Calculate f(i).
-1
Suppose 0*o = -3*o - 9. Let j(t) = 3*t + t - 4 - 2*t - 5*t. What is j(o)?
5
Let f(n) be the third derivative of 1/6*n**3 + 0*n + 0*n**4 - n**2 + 0 - 1/120*n**5. Let h(k) be the first derivative of f(k). Give h(-1).
1
Let c(v) = -v - 4. Suppose -5 - 5 = -2*h, h = -2*x + 17. What is c(x)?
-10
Let t(b) = b**2 + b + 11. Let y = -36 + 29. Let x(z) be the third derivative of z**6/120 + 7*z**5/60 - z**4/24 - 7*z**3/6 - 2*z**2. Let m be x(y). Give t(m).
11
Let f(t) = t**2 + t. Let n(j) = 2*j**3 - 2*j**2 - j + 1. Let o(x) = 2*f(x) + n(x). Determine o(-2).
-17
Let s be 12/(-8)*(-4)/(-2). Let x(g) = 7*g**2 - 3*g + 2. Let v(n) = -6*n**2 + 2*n - 1. Let j(k) = 6*v(k) + 5*x(k). Determine j(s).
4
Let a(m) = 3*m**2 + m + 5*m**2 + 4*m - 4*m + 11 + m**3. Let r be a(-8). Let c(v) = 1 + 0 - 3*v + 5*v. Calculate c(r).
7
Let w(n) = n - 2. Let q = -7 - -6. Let f be (-6)/(-4)*(q - -3). What is w(f)?
1
Let l(a) = a + 5. Suppose -12 = -p - 3*p. Suppose -2*n - 10 = -2*j, 3*j = -p*n - 0*j - 3. Calculate l(n).
2
Let v(s) = -2*s + 5. Let y(w) = 2 + 0 - 3 + 2*w - 2*w**2 + 6*w**3. Let q be y(1). What is v(q)?
-5
Let o be 14/(-35) + (-12)/(-5). Suppose -o*s = -3*s + 5*m - 30, 